84. What is y(24)?
-4
Let a(u) = 379*u + 4190. Calculate a(-11).
21
Let a(z) = 8*z + 202. Calculate a(-26).
-6
Let q(c) = 35*c + 1512. Determine q(-43).
7
Let b(i) = -365*i + 8361. Determine b(23).
-34
Let v(t) = 7*t + 500. Give v(0).
500
Let m(r) = 2*r**2 - r - 28. Calculate m(5).
17
Let l(d) = 7*d**2 + 343*d + 140. Calculate l(-48).
-196
Let p(k) = k**3 + 20*k**2 + 24*k - 49. Calculate p(-19).
-144
Let o(i) = 711*i + 4258. Give o(-6).
-8
Let o(z) = -2*z**3 - 92*z**2 + 94*z - 4. Give o(-47).
-4
Let t(a) = -67*a + 1415. Give t(21).
8
Let x(b) = -7*b**2 + 81*b - 377. Calculate x(5).
-147
Let p(l) = 3*l**2 - 184*l - 2139. Determine p(-10).
1
Let j(y) = -y**2 - 190*y + 2819. Calculate j(-204).
-37
Let j(l) = -7634*l + 76332. Determine j(10).
-8
Let l(p) = p**3 + 30*p**2 + 59*p - 70. Calculate l(-28).
-154
Let p(w) = -w**2 - 19*w - 42. Calculate p(-13).
36
Let b(p) = -p**3 + 48*p**2 - 78*p - 7. What is b(46)?
637
Let n(j) = 285*j + 904. Determine n(-3).
49
Let a(t) = -3*t**2 - 24*t - 163. Give a(-17).
-622
Let j(h) = -13*h**2 - 37*h + 77. Calculate j(2).
-49
Let o(c) = -3*c - 100. Give o(-36).
8
Let q(p) = -42*p + 1506. Determine q(38).
-90
Let l(g) = g**3 + 18*g**2 - g - 57. Calculate l(0).
-57
Let u(o) = -3*o**3 - 125*o**2 + 29*o - 540. Determine u(-42).
6
Let w(l) = 574*l - 48778. What is w(85)?
12
Let g(x) = 4*x**3 - 41*x**2 + 27*x - 166. Determine g(10).
4
Let c(j) = -j**2 - 248*j - 9937. Give c(-198).
-37
Let h(j) = 3*j**3 - 30*j**2 - 94*j + 1085. Give h(9).
-4
Let x(k) = -1839*k - 23913. Determine x(-13).
-6
Let i(y) = -6*y**2 - 6*y + 41. Determine i(-2).
29
Let v(z) = -12*z**2 + 1484*z - 2454. Calculate v(122).
-14
Let z(y) = y**3 + 24*y**2 + 52*y - 255. What is z(-21)?
-24
Let y(t) = -25*t - 854. What is y(-45)?
271
Let i(b) = 59*b**2 - 172*b + 2. Calculate i(3).
17
Let f(a) = -494*a - 4159. Determine f(-8).
-207
Let s(g) = -3*g**2 - 42*g - 237. Give s(-23).
-858
Let f(x) = x**3 + 28*x**2 + 38*x + 275. Calculate f(-27).
-22
Let j(u) = 3*u**2 + 190*u - 1291. Determine j(7).
186
Let w(d) = -386*d**2 - 89*d - 90. What is w(-1)?
-387
Let u(w) = w**3 - 9*w**2 + 22*w - 25. Calculate u(8).
87
Let g(n) = -3651*n + 19. What is g(0)?
19
Let h(k) = k**3 - 10*k**2 - 71*k + 570. Give h(6).
0
Let k(v) = v**2 + 61*v + 521. Determine k(-52).
53
Let s(q) = -3*q**3 + 62*q**2 - 43*q + 56. Give s(20).
-4
Let a(g) = 3*g**2 + 44*g + 127. Give a(-5).
-18
Let h(w) = -69*w**2 - 285*w - 38. What is h(-4)?
-2
Let d(y) = 109*y - 29. Determine d(-3).
-356
Let i(s) = -7*s - 116. Determine i(-18).
10
Let i(p) = -p**2 + 38*p + 53. Give i(0).
53
Let r(t) = -170*t + 149. What is r(3)?
-361
Let m(k) = -82*k**2 - 99*k + 12. What is m(-2)?
-118
Let j(n) = 4*n**2 + 69*n + 23. What is j(-17)?
6
Let k(z) = -7429*z + 7427. Calculate k(1).
-2
Let c(n) = -13*n + 125. Calculate c(10).
-5
Let d(m) = -2723*m - 19072. Give d(-7).
-11
Let d(t) = -26*t**2 + 396*t - 81. Determine d(15).
9
Let w(i) = -19*i**2 + 24*i - 64. Give w(5).
-419
Let r(z) = 3*z**2 + 6*z - 24. Determine r(-8).
120
Let x(l) = -l**2 - 17*l + 160. Determine x(5).
50
Let h(s) = -25*s - 162. Determine h(-11).
113
Let r(x) = -6*x**2 - 634*x + 866. What is r(-107)?
10
Let s(b) = 2*b**3 + 8*b**2 + 126*b + 357. What is s(-3)?
-3
Let f(b) = 88*b + 808. Determine f(-9).
16
Let m(r) = 124*r + 2786. What is m(-21)?
182
Let u(b) = -2*b**3 - 2*b**2 + 38*b + 18. What is u(-6)?
150
Let n(w) = 5*w**2 + 144*w + 884. Determine n(-20).
4
Let k(j) = 6*j**3 + 68*j**2 + 33*j + 111. Give k(-11).
-10
Let p(u) = 12*u**2 - 72*u - 16. What is p(8)?
176
Let y(i) = -11*i + 269. Calculate y(29).
-50
Let a(x) = -4*x**2 - 91*x - 177. Determine a(-2).
-11
Let k(t) = -4*t**2 + 157*t - 461. Determine k(36).
7
Let f(a) = 3*a**2 + 63*a + 334. Determine f(-11).
4
Let z(n) = -24*n - 1300. Calculate z(-51).
-76
Let n(h) = -h**2 - 18*h - 38. Calculate n(-16).
-6
Let g(x) = -75*x + 6516. What is g(87)?
-9
Let w(h) = h**2 - h - 20. Give w(6).
10
Let x(r) = -31*r - 506. Determine x(-14).
-72
Let d(w) = 4*w**3 - 37*w**2 - w + 34. Determine d(-1).
-6
Let c(i) = 10*i - 13. What is c(-1)?
-23
Let i(o) = o**3 + 3*o**2 - 35*o + 39. What is i(4)?
11
Let t(c) = -c**3 - 28*c**2 - 48*c + 112. Calculate t(-26).
8
Let n(m) = 327*m - 1648. Give n(5).
-13
Let j(g) = 2*g**3 + g**2 - 18*g + 6. Determine j(3).
15
Let c(k) = k**2 + 57*k + 218. What is c(-49)?
-174
Let i(y) = -y**2 + 35*y - 234. Determine i(27).
-18
Let u(o) = 5*o**2 - 62*o - 126. Determine u(-2).
18
Let v(s) = 144*s + 5101. Determine v(-35).
61
Let x(h) = h**3 - 116*h + 236. Determine x(2).
12
Let v(x) = 60*x + 5601. Calculate v(-93).
21
Let n(p) = -53*p - 1267. Give n(-24).
5
Let n(l) = -101*l - 2016. Determine n(-23).
307
Let s(x) = -67*x + 1632. Determine s(24).
24
Let b(y) = -y**2 + 13*y - 33. What is b(13)?
-33
Let r(f) = -f**2 + 67*f - 917. Determine r(22).
73
Let l(y) = -y**3 - 27*y**2 + 134*y + 4593. What is l(-25)?
-7
Let s(m) = 63*m - 819. Determine s(13).
0
Let v(m) = 3*m**2 + 46*m - 378. What is v(-22)?
62
Let f(m) = m + 109. Determine f(-84).
25
Let b(z) = -9*z**2 + 80*z + 19. What is b(3)?
178
Let q(f) = 268*f - 813. Calculate q(3).
-9
Let t(f) = f**3 - 37*f**2 - 216*f - 15. Give t(-6).
-267
Let k(c) = -3*c**2 - 41*c + 9. Determine k(-14).
-5
Let b(d) = d**3 - 154*d**2 + 4543*d + 679. Give b(40).
-1
Let d(p) = 406*p + 10972. What is d(-27)?
10
Let d(q) = q**2 + 77*q + 1131. What is d(-27)?
-219
Let g(a) = -a**3 + 51*a**2 - 483*a - 244. Determine g(38).
174
Let i(l) = 39*l + 810. Give i(-28).
-282
Let q(l) = -3*l**2 - 34*l - 75. Calculate q(-17).
-364
Let j(w) = 8*w - 27. Give j(-2).
-43
Let v(m) = -7*m**2 - 205*m - 64. What is v(-29)?
-6
Let s(h) = -h**3 - 17*h**2 - 3*h + 55. Calculate s(-17).
106
Let u(g) = -787*g - 2342. What is u(-3)?
19
Let z(m) = -m**2 - 98*m - 375. What is z(-4)?
1
Let t(i) = 375*i - 815. Calculate t(2).
-65
Let h(j) = 2*j**2 + 49*j + 54. Give h(-21).
-93
Let c(o) = o**3 + 98*o**2 + 396*o + 19590. Determine c(-96).
6
Let f(w) = -4*w**2 - 303*w - 127. Calculate f(-75).
98
Let k(t) = -t**3 + 135*t**2 - t + 82. What is k(135)?
-53
Let x(h) = -1714*h - 5140. Give x(-3).
2
Let u(g) = 194*g + 450. Determine u(-3).
-132
Let v(p) = -74*p - 1037. Determine v(-14).
-1
Let y(d) = d**2 + 36*d + 243. What is y(-31)?
88
Let m(v) = 6*v**2 + 135*v + 15. What is m(-22)?
-51
Let f(n) = 92*n + 4691. Calculate f(-51).
-1
Let w(r) = -r**3 + 84*r**2 - 114*r + 2571. Determine w(83).
-2
Let w(l) = l**3 - 69*l**2 + 201*l - 59. What is w(66)?
139
Let h(j) = -104*j - 15. What is h(-1)?
89
Let j(v) = -28*v**2 + 239*v - 502. Give j(5).
-7
Let a(v) = 2216*v + 4354. Determine a(-2).
-78
Let u(c) = c**3 - 62*c**2 - 131*c + 162. Calculate u(64).
-30
Let m(j) = -2*j**3 - 30*j**2 + 91*j - 80. Give m(-18).
226
Let h(d) = -182*d + 13468. Give h(74).
0
Let q(b) = b**3 - 14*b**2 - 33*b + 5. Calculate q(9).
-697
Let g(o) = 16*o + 364. Determine g(-25).
-36
Let o(b) = 2*b**2 - 79*b - 553. Calculate o(-6).
-7
Let b(t) = -333*t + 2697. Determine b(8).
33
Let u(z) = 221*z - 4488. Calculate u(20).
-68
Let i(m) = 6*m**2 + 7*m - 157. Determine i(7).
186
Let r(z) = -z**2 + 81*z + 257. Calculate r(-3).
5
Let m(v) = 8*v**3 - 103*v**2 + 8*v - 58. What is m(13)?
215
Let b(i) = -660*i - 3572. Calculate b(-5).
-272
Let u(r) = 30*r**2 - 4*r + 15. What is u(3)?
273
Let u(p) = -p**3 + 10*p**2 - 107. What is u(8)?
21
Let k(s) = 52*s**2 - 2544*s - 187. Calculate k(49).
9
Let o(g) = -39*g - 284. What is o(-6)?
-50
Let c(g) = -3*g**2 + 35*g - 99. What is c(6)?
3
Let h(t) = -120*t + 4532. Calculate h(39).
-148
Let p(i) = i**2 - 37*i - 1. Give p(7).
-211
Let z(p) = -7*p**2 - 51*p - 79. Give z(-5).
1
Let g(k) = -k**2 - 31*k + 103. What is g(-36)?
-77
Let x(g) = -132*g + 2897. What is x(22)?
-7
Let z(t) = -3*t**2 + 67*t - 361. Give z(10).
9
Let c(x) = -2*x**3 + 6*x**2 - 14*x + 41. Give c(3).
-1
Let p(c) = 39*c - 123. Calculate p(3).
-6
Let s(l) = -3*l**2 - 20*l + 77. Give s(-9).
14
Let i(o) = -3*o**2 + 56*o - 26. Give i(18).
10
Let p(g) = g**2 - 23*g + 146. Determine p(5).
56
Let o(c) = -c**3 - c**2 + 87*c - 24. Give o(-10).
6
Let f(u) = u**3 - 39*u**2 + 36*u + 104. Give f(38).
28
Let k(j) = 600*j - 6595. Give k(11).
5
Let a(d) = 38*d - 1257. Determine a(33).
-3
Let p(x) = x**2 + 5035*x + 55256. Calculate p(-11).
-8
Let z(r) = 2*r**3